st common divisor of z and n?
28
Suppose 0 = n - 1820 - 20. What is the greatest common factor of 23 and n?
23
Let f be 2*(-9)/6 + 123. Suppose 3*g - 4*o - 74 = f, 4*o = -g + 86. Calculate the greatest common divisor of g and 28.
14
Let m(y) = 49*y - 45. Let w be m(36). Calculate the highest common factor of w and 9.
9
Let u(q) = -45*q**3 - 2*q**2 - q. Let g be u(-1). Let p = -2 + 13. Calculate the highest common divisor of g and p.
11
Let a = 1432 - 952. Calculate the highest common factor of 20 and a.
20
Let q(p) = 8*p**2 + 39*p + 2. Let d be q(-5). Calculate the greatest common divisor of d and 1211.
7
Suppose 0 = -4*p - p + 300. Let k(c) = -4*c**3 - 2*c**2 + 17*c + 34. Let s be k(-2). Calculate the highest common factor of p and s.
12
Let f be 2/(-14) - ((-72936)/28)/6. What is the greatest common divisor of f and 62?
62
Suppose -w + 27 = -5*f, w - 4*f = -1 + 29. Suppose -5*j + w = 12. Suppose -j*v - 40 = -4*y, -v - v = -y + 9. What is the highest common factor of y and 121?
11
Let w be (-2 - -3)*-15*12/(-30). Let o be (-32)/8 + (27 - -1)*1. What is the greatest common divisor of w and o?
6
Let y(g) = -g**2 - 5*g + 22. Let w be y(-6). What is the greatest common factor of 656 and w?
16
Let b = 21 + 27. Let k = 49 - b. Calculate the greatest common divisor of k and 7.
1
Let p be (-12)/54 + (-68)/(-54)*24. What is the greatest common divisor of p and 255?
15
Let r = -436 - -488. Calculate the highest common factor of 26 and r.
26
Let a = -4 - -5. Let f(c) = c**3 - 8*c**2 - 8*c - 4. Let j = 12 - 3. Let g be f(j). Calculate the highest common divisor of a and g.
1
Suppose 11*x + 192 = 19*x. Suppose -2*f - 4 = -x. What is the greatest common factor of 10 and f?
10
Let o be (-36)/63*(-7)/2. Let s(d) = d**3 - 23*d**2 + 25*d - 48. Let l be s(22). What is the highest common factor of o and l?
2
Let r = -209 + 233. Calculate the highest common factor of 12 and r.
12
Let j = 3344 - 3330. Suppose 4*m - 56 = -0*m. Calculate the highest common divisor of m and j.
14
Suppose -2*n - n = -18. Let r(w) = -w**2 + 7*w - 2. Let j be r(n). Let o be 0 + 18/3*j. Calculate the greatest common divisor of 168 and o.
24
Let h = -1087 + 1100. What is the greatest common factor of h and 2483?
13
Suppose -o + 2*v = 0, -o = 23*v - 28*v + 6. What is the highest common divisor of 124 and o?
4
Let h be -1 + -5 + 2 + 158. What is the highest common factor of h and 1463?
77
Suppose 5*n - 2*j + 366 = 9*n, -3*n = 5*j - 285. Calculate the highest common divisor of n and 40.
10
Suppose 3*c = -47*y + 49*y - 402, 4*y + 2*c - 788 = 0. Calculate the highest common factor of 22 and y.
22
Let s be ((-8)/10)/(30/(-75)). Suppose -s*w = 7*w - 144. Let t(v) = -3*v**3 + v. Let a be t(-1). What is the greatest common divisor of w and a?
2
Let c = 19 + -17. Suppose 6*p - c*p + q - 133 = 0, 3*p + 2*q - 106 = 0. Calculate the greatest common divisor of p and 16.
16
Suppose -3*n - 12 = 0, -2*n - 14 = -3*p - 0*n. Suppose -p = m - 4. Suppose m = -2*o + 30. What is the highest common factor of o and 21?
7
Let a be ((-6)/(-7))/(102/714). Let y(h) = 4*h**2 + h. Let o be y(1). Suppose i = -v, 4*v + 2 = -3*i + o. Calculate the greatest common factor of v and a.
3
Suppose 13*r + 2698 = 51*r. What is the greatest common divisor of r and 71?
71
Let b(w) = -3*w + 29. Let z be b(17). Let t be 618/7 - z/(-77). What is the greatest common divisor of t and 8?
8
Let u be -1 + -6 - (-161)/(-21)*-87. Calculate the greatest common divisor of 24 and u.
12
Suppose 4*q - 2*i - 104 = 0, 2*q - 5*i - 59 - 9 = 0. Let j = 11 - -19. Let m be ((-18)/5)/(j/(-400)). Calculate the greatest common divisor of q and m.
24
Let n be 116*(-8)/80*-110. Calculate the highest common divisor of 44 and n.
44
Suppose -3*b - 4 = b + 4*t, -13 = -3*b + t. What is the highest common divisor of 228 and b?
3
Suppose -4*k - 3*h + 38 = 119, -15 = -3*h. Let w = -3 - k. What is the highest common divisor of w and 14?
7
Let c be 12/16 + 669/4. Calculate the greatest common divisor of c and 16.
8
Let d be (5 + -2)*(-8 - -10) + 3. What is the greatest common factor of d and 333?
9
Let b(w) = -w**3 - 6*w**2 - 5*w + 2. Let d be b(-5). Suppose -21 = -3*f - 4*u - d, -f - 5*u = -21. What is the greatest common divisor of f and 11?
1
Let y = -23 + 21. Let u be (-7616)/(-255) - y/15. What is the greatest common factor of u and 5?
5
Let v(o) = -o**3 - 4*o**2 + 4*o + 23. Let a be v(-5). Let n(d) = d**2 - 4*d + 4. Let i be n(4). Let p = a + i. What is the greatest common divisor of 80 and p?
16
Let v be ((-204)/48*-4)/((-1)/(-2)). What is the greatest common divisor of v and 782?
34
Let a(t) = 3*t**2 - 6*t + 26. Let d be a(3). Calculate the highest common divisor of d and 7.
7
Let a(b) = -82*b + 604. Let x be a(7). What is the highest common divisor of x and 3030?
30
Suppose -2*d - d + 51 = 0. Let c(a) = -a**3 + 13*a**2 - 22*a + 137. Let w be c(12). What is the highest common factor of w and d?
17
Suppose -4*r + 5 = r, 3*r = -4*v + 327. Calculate the highest common divisor of v and 1863.
81
Let f = 423 - 293. Suppose 382 = 12*s + f. Suppose r = -3*r + 672. Calculate the greatest common factor of s and r.
21
Let w(u) = u + 102. Let f be w(8). Calculate the highest common divisor of f and 198.
22
Suppose -93 = -4*f + 3*h + 88, 5*h = 5. Suppose 7*a = 2*a - 50. Let r be (1 - 3) + (15 - a). What is the highest common divisor of f and r?
23
Suppose 38 = -2*w + 4*w. Suppose 2*b - 216 = -5*g, 3*g = 3*b + b + 140. Let y = g + -25. What is the highest common factor of y and w?
19
Let u(m) = -3*m - 14 - 26 + 20. Let v be u(-10). Calculate the greatest common divisor of v and 40.
10
Suppose -4*t - 5*u + 81 = 0, -u + 47 = t + 2*t. Let p(o) = -5*o - 13*o - 29 + 10 + o**2 + 6*o. Let c be p(t). Calculate the greatest common divisor of 27 and c.
9
Let r(g) = -132*g**2 + 15*g - 15. Let x(q) = -19*q**2 + 2*q - 2. Let n(u) = 4*r(u) - 30*x(u). Let k be n(2). What is the highest common factor of 21 and k?
21
Let g = -2 - -5. Let v be ((-1)/3)/(g/9). Let w = v + 9. Calculate the highest common factor of 20 and w.
4
Suppose 0 = 2*x - 23 + 1. Let w = 106 + 3. Suppose 3*f = w + 56. Calculate the highest common divisor of f and x.
11
Suppose -5*i + 36 = -2*i. Let f be (-2162)/(-5) + i/(-30). Suppose 2*v - f = -2*v. What is the greatest common factor of 12 and v?
12
Suppose -2*d = 4*d - 6. Let m be (3/(-2))/(1/(-2)). Suppose -3*i + 9 + 34 = 5*f, -m*f = -i + 5. What is the greatest common divisor of d and i?
1
Suppose u - 27 = b, 5*b + 0 = 2*u - 66. Let k be (4/(12/27))/(-1). Let n = u + k. What is the highest common factor of 14 and n?
14
Let t be (-1037)/(-34)*(2 - (-4 + 2)). Calculate the greatest common divisor of 427 and t.
61
Let q = 55 + 0. What is the greatest common divisor of q and 440?
55
Suppose -x + 22 = 14. What is the greatest common factor of 128 and x?
8
Suppose -2*a - 5 + 29 = 0. Let g be 4 - 9/(36/(-8)). Calculate the highest common factor of g and a.
6
Suppose 0 = 2*s - s + 4*j - 50, 0 = -3*s - j + 194. Calculate the highest common divisor of 110 and s.
22
Let j be 1 + (2 - (-1 + 1)). Suppose -j*k - 162 = -558. Let c(o) = -o**2 + 22*o - 60. Let l be c(4). What is the greatest common divisor of l and k?
12
Let f = 527 + -337. Calculate the greatest common divisor of f and 10.
10
Let c(h) = h**3 - 4*h**2 - 8*h + 11. Let g be c(6). Let l be (336/g)/(3/20). Calculate the highest common factor of l and 8.
8
Let w be -10 - (-19)/(19/554). What is the highest common factor of 204 and w?
68
Suppose 5*m = -4*s + 61, m = 4*s - 30 - 1. What is the highest common divisor of s and 36?
9
Suppose -2*b - 3*b - h = -94, -77 = -4*b + h. Suppose 4*k + 76 = 760. Calculate the greatest common divisor of k and b.
19
Suppose -5*m + 28 = 2*a, 0*m = -3*m + 3*a. Let y = 11 - m. What is the greatest common factor of 77 and y?
7
Let h be (-6)/2*39/(-13). Suppose -2*f + 22 = 2*o, 5*f + 3 = 4*o - 23. Calculate the greatest common factor of o and h.
9
Suppose 3 = y - 2*j - 3, -y - 5*j = -34. Let z be (49/y)/((-3)/(-18)). Let q = -9 + z. What is the highest common factor of 96 and q?
12
Suppose 4*m - 2*t = 338, m + 1 - 86 = t. Calculate the highest common divisor of m and 2394.
42
Let y = 13 - -3. Let z = 19 + y. Calculate the greatest common divisor of 245 and z.
35
Let o = 17 + -15. Suppose f -